539. Determine w(v).
-5
Let b = -44 - -46. Let a(r) = r**3 + 9*r**2 - 10*r**b - 8*r**2 - 17 + 16*r. Let z be a(7). Let c(v) = v**3 + 3*v**2 + 2*v. Give c(z).
-6
Let p = 4702 + -4703. Let w(u) = -22*u**2 - 21*u + 1. What is w(p)?
0
Let h(d) = 52*d + 1. Let m(n) = -935*n - 35. Let c(f) = 18*h(f) + m(f). Let v(j) = 2*j**3 - 3*j**2 - 5*j + 4. Let t be v(3). Determine c(t).
-1
Suppose 4*n - 318 = 390. Suppose -n + 16 = -7*b. Suppose 9*k + 4 = -b. Let u(z) = z - 4. What is u(k)?
-7
Suppose k - 8*k + 133 = 0. Let d(l) = 25*l - 45*l + k*l. What is d(5)?
-5
Suppose -84*q - f = -81*q + 5, -5 = 2*q + f. Let j(m) = -m**2 + 3*m + 6. Let v(p) = -2*p**2 + 7*p + 11. Let z(s) = -9*j(s) + 4*v(s). Calculate z(q).
-10
Let p(c) = -15*c + 3. Let y = 85 - 80. Suppose -3*m + 11 = y*k, m - 2 = -2*k + 2. Calculate p(m).
-27
Let y(d) = 2*d**2 + 4 - 28*d - 1 - 7 - 1 + 21*d. Give y(-4).
55
Let p(o) = o - 7. Let i be p(4). Let v = -2 + i. Let r(g) be the third derivative of g**6/120 + g**5/12 + g**4/8 + 7*g**3/6 - 92*g**2. Calculate r(v).
-8
Let r(f) = -f**2 - 25*f + 1536. Let g be r(-54). Let j(s) = 4*s**2 + 119*s - 25. Give j(g).
5
Let r(x) be the first derivative of -x**3 - x**2 + x - 7732. Let l(m) = m. Let z be l(2). Determine r(z).
-15
Let a(g) = g**2 + 12*g + 4. Suppose -3*f = 9*f - 1332. Let v = f + -121. Determine a(v).
-16
Let b(r) be the second derivative of -r**5/20 + 5*r**4/2 + 32*r**3/3 + 4*r**2 + 15*r. Let g be b(32). Let c(k) = k**3 - 9*k**2 + 8*k - 1. Determine c(g).
-1
Suppose 15*y = 12*y + 6. Suppose 4*h - 29 = -s, y*h - 4*s = -0*h + 10. Suppose 9*t = 11 + h. Let o(k) = -k**3 + 3*k**2 - k + 1. Give o(t).
3
Let m(s) = 3*s + 6. Suppose 3*j + 4 = 3*i + j, -3*j = 5*i - 13. Let d be 1*((i - -4)/3 + 2). Suppose 4*p + 1 = 4*v - 9*v, 4 = 2*p + d*v. What is m(p)?
-6
Let j(w) = 5*w + 13. Let b = 9395 - 9398. What is j(b)?
-2
Let k(u) = 5*u + 4*u**2 - 8*u - 3*u**2. Let y(s) = -6*s**3 - 2*s**2 - s + 1. Let r be (-1 - 1 - -3)/(-1). Let w be y(r). Determine k(w).
18
Let j(k) = 4*k**2 + 7 - k**2 - 9*k - 2*k**2. Let p(q) = -q - 1. Let d(u) = -u**2 + 18*u + 12. Let a(m) = d(m) + 4*p(m). Let i be a(14). Give j(i).
-1
Let w(x) = 2*x - 2. Let y = 220 + -482. Let n = y + 270. What is w(n)?
14
Let m(x) = 9*x**3 - 7*x**2 - 2*x + 1. Let f(i) = 4*i**3 - 3*i**2 + i. Let h(j) = -2*f(j) + m(j). Determine h(-2).
-3
Let m(u) = -42 + u - 41 - 2*u + 85 - 25*u**2. Determine m(1).
-24
Let t(r) = 19*r**3 + 14*r - 46 - 18*r**3 + 9*r**2 + 44. Give t(-7).
-2
Let p(f) = -2*f**3 - 23*f**2 - 8*f + 10. Let k be (385/105)/(1*5/(-15)). Calculate p(k).
-23
Let o(h) = 24*h**2 + 720*h + 1. Let d be o(-30). Let i(g) = 11*g. Give i(d).
11
Let j(h) = 5*h - 20. Suppose 3*u - q + 75 = 0, -4*q + 90 = -5*u - 42. Determine j(u).
-140
Let t(r) be the first derivative of r**4/4 + 22*r**3/3 + 21*r**2/2 - 3*r - 3486. Determine t(-21).
-3
Let z(p) = -p**3 - 440 - 6*p + 155 - 14*p**2 + 145 + 149 + 15*p**2. What is z(0)?
9
Let r be (-44)/(-8)*232/638. Let m(t) be the first derivative of -23 + 3/2*t**r + t. What is m(-2)?
-5
Suppose 3*k = -3*w + 48, 7*w + 50 = 4*k + 4*w. Let d(l) = k*l + 12*l + 4 + 14*l - 38*l. Determine d(-8).
-12
Let v(n) = 10*n. Suppose 16 = 41*b - 37*b. Let t(k) = -27*k + 107. Let q be t(b). Calculate v(q).
-10
Let g(b) be the third derivative of b**5/60 + b**4/6 + 2*b**3/3 - 14*b**2. Let h(q) = -2*q. Let x be h(-1). Suppose 9*s - x*s + 28 = 0. Give g(s).
4
Let j(z) be the first derivative of -z**4/4 + 29*z**3/3 - z**2/2 + 20*z + 4522. Determine j(29).
-9
Let w(z) = 3*z**2 - 4*z - 3. Let h(l) = 4*l + 24. Let a be h(-4). Suppose 104*b + a = 100*b. Determine w(b).
17
Let u be 252/(11 + -5) + (-3)/3. Let b(y) = u*y - 26*y + 5 - 18*y - 2. What is b(5)?
-12
Let l = 867 - 453. Suppose 65*s - 106 = l. Let t(z) = 5 + z - 5. What is t(s)?
8
Let u be (-3168)/121 + 2/11. Let r = 33 + u. Let n(c) be the third derivative of c**5/60 - 3*c**4/8 - c**3/3 - 197*c**2. Calculate n(r).
-16
Suppose -8*s + 182 = -s. Suppose -2 = 4*v - s. Let y = 0 - v. Let g(b) = b - 1. What is g(y)?
-7
Let m = 4 + -6. Let g = -424 - -426. Let p(u) = 10 + u**2 - 4*u**g + 5 - 18 + 5. Calculate p(m).
-10
Let w = -14690 - -14697. Let b(t) = 2*t. Give b(w).
14
Let x(i) be the third derivative of 17*i**6/40 + i**4/8 + i**3/3 - 2567*i**2. Give x(-1).
-52
Let u(s) = 8*s**2 - 14*s - 19. Suppose l = -b - 3*l + 12, 0 = 5*l - 20. Let t(c) = 3*c**2 - 5*c - 6. Let r(w) = b*u(w) + 11*t(w). Determine r(0).
10
Let d(r) = -9*r**2 + 6*r + 36. Let q(x) = 5*x**2 - 2*x - 19. Let b = -1 - 6. Let j(w) = b*q(w) - 4*d(w). What is j(8)?
-27
Let k(f) = -15*f - 27*f + 6*f + 677 - 5*f - 506. Determine k(5).
-34
Let x(d) = -2*d**3 + 10*d**2 + d + 1. Let k be (90/75)/(3/5). Let t be k + (-7)/(-3) + 46/69. Give x(t).
6
Suppose -4*p - g - 24 = 0, -352*g = 5*p - 357*g + 30. Let s(m) = -m**2 - 2*m - 7. What is s(p)?
-31
Let o = -443 + 438. Let w(g) = 4 + g**3 + 0*g**2 - 5*g + 2*g + 4*g**2 + g. Give w(o).
-11
Let c(l) = l**3 + 5*l**2 + 3*l - 2. Let u be (-4 - -4)/((0 - -3) + -2). Suppose -4*z + 0*z - 3*z = u. Suppose z = 3*p + 3 - 0, v - 2*p = -1. Give c(v).
7
Suppose -4*s = 20, 2*s - 19 - 15 = 4*m. Let n(u) be the second derivative of u**4/6 + 23*u**3/6 + 5*u**2 - 8059*u. Calculate n(m).
-1
Let n(m) = -12*m + 3. Suppose -4*g = 2*l - 262, 0 = 4*g - 6*g + 2. Suppose 0 = -x - l + 131. Calculate n(x).
-21
Let i(u) be the third derivative of -3*u**5/40 - 3*u**3/2 - 183*u**2. Let g(r) be the first derivative of i(r). Determine g(-1).
9
Let z(h) = -h**2 - 8*h - 12. Let q(j) = -j**3 + 5*j**2 - 19*j + 56. Let i be q(4). What is z(i)?
4
Let y(s) = 11*s + 104. Let u = -5893 + 5886. Determine y(u).
27
Let s(n) = -38*n**3 + 13 - 12 + 19*n**3 + 20*n**3 - 2*n + 6 + 4*n**2. Suppose -4*a + 5 = -5*a. Calculate s(a).
-8
Let t(x) = -5*x + 9*x - 16*x - 48 - x**2. Give t(-9).
-21
Let b(x) = -10*x - 12. Suppose -9 = -3*z + r + 10, 21 = 2*z + r. Determine b(z).
-92
Suppose -17*o + 849 - 594 = 0. Let i(c) = -c**3 + 16*c**2 - 16*c + 7. Calculate i(o).
-8
Suppose -96 = -3*t + 18. Let v = -37 + t. Suppose -x - 3 = w - v, 5*x = 3*w - 18. Let d(k) = -k. Give d(w).
-1
Suppose 3*p + b + 29 = 4*p, -p + 28 = -2*b. Let m = p + -28. Let q(t) = 5*t**m - 6 + 3 + 4*t**2 + 4. Calculate q(-1).
10
Let c(m) = m**2 - 7*m - 5. Suppose -4*q = -6*q. Suppose -4*t + 4*v + 8 = q, 0*v + 2*v - 2 = -t. Suppose 0 = -2*d - 0*d, 24 = 4*k - t*d. Determine c(k).
-11
Let y(h) = h**2 - 7*h - 26. Let x = 9688 + -9682. Give y(x).
-32
Let x(b) be the third derivative of -b**6/120 + b**5/60 + 5*b**4/24 + 5*b**3/6 - 6*b**2 + 44. What is x(-2)?
7
Let w(c) = -48 + 0*c**2 + 17*c - 41*c + c**2 + 26*c. Give w(6).
0
Let b(v) = 2*v**3 - 3*v**2 - 2*v + 6. Let c(d) = 2*d**3 + d**2 - d. Let i(a) = -b(a) + 2*c(a). Calculate i(-4).
-54
Let d(s) = s**3 - 12679 + 16*s**2 + 4219 + 4238 + 39*s + 4250. Give d(-13).
28
Let u(f) be the third derivative of f**6/15 + f**5/60 + f**4/12 - f**3/6 + 25*f**2 + 19. Determine u(-2).
-65
Let l(y) = y**3 + 4*y + 4*y**2 - 4*y - 5 - 5*y. Let n(v) = -6*v**2 - 83*v - 266. Let q be n(-9). Determine l(q).
-5
Let f(q) = -q - 21. Let v(l) = 14*l + 148. Let o(r) = 10*f(r) + v(r). Determine o(25).
38
Let m(n) = -15*n + 1. Let j be (-520)/(-140) - 2/(-7). Suppose 0 = -8*u + j*u + 12. Suppose -3*h + 7 = -0*f + 2*f, u*f = -h. Give m(f).
16
Let j(a) be the second derivative of a**8/6720 + a**7/420 + a**5/24 - 5*a**4/12 - a**3/3 + 3*a - 5. Let q(s) be the third derivative of j(s). Determine q(-6).
5
Let w(d) be the first derivative of -3*d - 1 + 2*d**2 + 1/4*d**4 - 2/3*d**3. Suppose 8 = 4*v - 2*n, 3*n + 8 = 517*v - 513*v. Give w(v).
5
Suppose i = 10*i - 9. Let x(t) = 10*t - 2. Let p(l) be the third derivative of l**4/24 + l**3/6 - 14*l**2. Let q(j) = i*p(j) - x(j). Calculate q(4).
-33
Let c(a) = -7*a**2 - 3*a - 6. Let z(r) = -3*r**2 - 2*r - 3. Let u(m) = -2*c(m) + 5*z(m). Let o(h) be the first derivative of u(h). Give o(-3).
2
Let v(l) = l**3 - 6*l**2 - 7*l + 2. Suppose 184*p - 140 = 164*p. Determine v(p).
2
Suppose -r - 26 = 5*t, 3*t - 49*r + 13 = -47*r. Let w(h) = 2*h + 10. Determine w(t).
0
Let i(q) = -18*q - 175. Let v be i(-10). Let h(x) = 0*x - 19*x**2 + 2*x - v*x - 7 + 18*x**2. Give h(-5).
-17
Let i(w) = 39*w**2 + 3*w + 8 + 7*w + 39*w**2 + 5*w**3 - 79*w**2. Let g(f) = -4*f**3 + f**2 - 8*f - 9. Let r(d) = 4*g(d) + 